 2*s, -3*y - y = 2*s - 342. What is the highest common divisor of y and 29?
29
Let z = 113 - 271. Let o = -48 - z. Calculate the greatest common divisor of o and 10.
10
Let z(i) be the second derivative of -i**3 - 5*i**2/2 + i. Let x be z(-4). Let j be (x - 1) + (0 - 0). Calculate the greatest common divisor of j and 18.
18
Suppose -2*v + 41 = 3*c, 7*v = 5*c + 3*v - 83. What is the highest common factor of c and 60?
15
Suppose 2*y - 28 = f, -y = 2*y - 5*f - 56. Suppose -5*w = 88 + y. Let x = 28 + w. What is the greatest common factor of x and 8?
8
Let q(f) = -f**2 - 22*f + 8. Let g be q(-17). What is the greatest common divisor of 31 and g?
31
Let p be (44 + -19)*(-2)/(-10)*12. What is the greatest common factor of p and 24?
12
Suppose 4*b + 3*b - 154 = 0. What is the greatest common factor of b and 154?
22
Let g = 109 - 69. What is the greatest common divisor of 20 and g?
20
Let q(g) = -g**3 + 8*g**2 - 4*g + 10. Let w be q(8). Let x be 224/22 + 4/w. What is the greatest common factor of x and 70?
10
Suppose -3*n = -4*q, n + 1 = 2*q - 1. Suppose 2*r = -2*r - q*f + 44, 0 = r - f - 18. What is the greatest common factor of r and 21?
7
Let t be 2/(-5) + (-4)/(-10). Let s be t + 1 - (-1)/1. Suppose -3*l - 3*h = -s*h - 228, -l = 4*h - 65. What is the highest common factor of l and 11?
11
Let n = 78 - 38. What is the highest common divisor of n and 8?
8
Suppose 3*j - 3*c = 6, 2*j - 7*c = -2*c + 10. Suppose -75 = 5*n - j*n. Let y = n - -33. What is the highest common divisor of y and 72?
18
Suppose -12*y - 67 = -1219. Calculate the highest common divisor of 144 and y.
48
Let z = 10 + -5. Let q(l) = -l**2 + 1. Let t be q(0). Suppose 5*y + 3 = -d - 7, -2*y = d + t. What is the greatest common factor of d and z?
5
Suppose 4*b = -0*b + 32. Calculate the highest common divisor of 88 and b.
8
Suppose b = 3*b. Suppose b = -2*n + 4*n. Suppose -o + 4*g + 22 = n, 99 = 5*o + 2*g - 55. Calculate the highest common divisor of 15 and o.
15
Suppose k = -2*k + 6. Suppose -k*a = -0*a - 16. Let t be (a/(-3))/(6/(-27)). What is the highest common divisor of t and 30?
6
Let b(d) = 2*d**2 + 5*d - 7. Let k be b(-5). What is the highest common factor of k and 45?
9
Suppose 18 - 45 = -3*u. What is the greatest common factor of u and 6?
3
Let u be 4/18 - (-102)/27. Suppose -5*a - u*x + 204 = -a, 0 = -a - 3*x + 43. What is the greatest common divisor of a and 5?
5
Suppose 2*g + 2*g + 6 = -2*t, -20 = 4*t. What is the greatest common divisor of 11 and g?
1
Let m(r) = 18*r**2 + r - 1. Suppose 0*f = 4*f - 4. Let k be m(f). What is the greatest common factor of k and 126?
18
Let h(z) = 2*z**2 + 2*z + 3. Let c be h(-4). What is the greatest common factor of 9 and c?
9
Let w be -1 + 104/12 + 4/(-6). What is the highest common divisor of 7 and w?
7
Let a be (-1294)/(-9) - (-4)/18. Suppose -v + 0*v = -a. Calculate the highest common divisor of v and 16.
16
Suppose 0 = -0*j + 4*j - 40. What is the highest common divisor of j and 50?
10
Let i be ((-4)/(-2))/((-1)/(-5)). Let m be 2 + (-1 + 1)/3. Suppose -66 = -m*k + i. What is the greatest common divisor of 95 and k?
19
Let z(p) = 2*p**2 + 6*p. Let o be z(-5). Let y(u) = -u**3 - u**2 + 2. Let l be y(-2). Suppose -3*b = -l*b + 12. What is the greatest common factor of b and o?
4
Let n be (69 - 3)/(1*2). Let s = -23 + n. What is the greatest common factor of s and 30?
10
Suppose 0*d = 5*d + 2*a - 8, 5*a = -3*d + 1. What is the highest common divisor of d and 16?
2
Let f = 45 + -13. Calculate the highest common factor of f and 40.
8
Suppose -16*r = -19*r + 180. Let l(p) = -p + 9. Let v be l(-11). What is the highest common factor of r and v?
20
Let t = -18 + 28. Let v be 33*(t/3 - 1). What is the greatest common divisor of 7 and v?
7
Suppose 2*n = -n + 15. Let u(z) = z**3 + 2*z**2 - 5*z + 2. Let c be u(n). Let t = c - 40. What is the highest common factor of 16 and t?
16
Suppose -d + 5 = a, -d + 7 + 10 = -5*a. Calculate the highest common divisor of d and 77.
7
Let r(t) = 3*t**2 + 7*t - 6. Let q be r(4). Let x be 33/(-22)*14*6/(-9). Calculate the highest common divisor of x and q.
14
Suppose -2*r = -4*o - 304, 728 = 5*r - o - o. Suppose -10*b + r = -8*b. Calculate the highest common divisor of 8 and b.
8
Let c(a) = 8*a + 24. Let o be c(7). Calculate the highest common divisor of 10 and o.
10
Suppose o + 540 = 6*o. What is the greatest common divisor of o and 12?
12
Let x(p) = 115*p**2 - p + 1. Let f be x(1). Suppose -h - 2*h = -69. Calculate the highest common divisor of h and f.
23
Let p be 9 + (-4)/((-8)/(-6)). What is the highest common divisor of 30 and p?
6
Suppose 2*q + 4*l - 2 = 24, q + l - 8 = 0. Suppose -15 = -b + 4*v, 0*v = q*b + v - 58. What is the greatest common factor of b and 209?
19
Let q(u) = 5*u - u**3 - 3*u**2 - u**2 + 0*u**3 + 4. Let x be q(-5). Let i be -8 - (3 + -8) - -7. What is the highest common divisor of x and i?
4
Let g be (6 - -1) + (-3)/3. Let z = -2 + g. Calculate the highest common divisor of 16 and z.
4
Let d(q) = q**2 - 23*q - 45. Let l be d(25). Let y = 17 - 7. What is the highest common factor of l and y?
5
Suppose p + 201 = 4*p. Let w = p - -5. Calculate the highest common factor of 9 and w.
9
Let p(z) = z**2 + 11*z + 12. Let h be p(-11). What is the highest common factor of h and 36?
12
Suppose -5*x + 0*x = 0. Let d(r) = -5 - 1 - 2*r + x*r + 1. Let n be d(-5). Calculate the greatest common divisor of 1 and n.
1
Let c(b) = -b - 7. Let v be c(-8). Let a be v*3/(-6)*-12. Let x = 77 + -17. Calculate the greatest common divisor of a and x.
6
Let r be ((-4)/(-6))/((-2)/57). Let h = r + 6. Let z = h + 26. What is the highest common factor of 143 and z?
13
Let o be (69/12)/(-4 + 17/4). Calculate the highest common factor of o and 161.
23
Let b(g) = g**3 - 3*g**2 + 1. Let v be b(3). Let u(i) = 16 - i - 3 - v. Let h be u(0). What is the greatest common divisor of 18 and h?
6
Suppose -t - 26 = -3*k, 3*k + 5*t = 10 + 22. What is the highest common factor of 45 and k?
9
Suppose 0 = 4*f - 12, 5*s = -4*f - 0*f + 212. Suppose -50 - s = -3*w. What is the highest common divisor of w and 6?
6
Let u = 129 - 39. Let a be (8/(-6))/(1/(-3)). Suppose -s + 3*p = -3*s + 33, -a*s - p + 71 = 0. Calculate the greatest common divisor of s and u.
18
Let f(v) = -v - 1. Suppose -7 = -o - 4*g, 5*o - 16 = o - 4*g. Suppose 4*m + 4 = o*m. Let j be f(m). Calculate the greatest common factor of j and 12.
3
Suppose -2*i + 2 = 4*s, -2*i + 4*s + 34 = -0*i. Suppose 0 = 3*f - 171 - i. What is the greatest common factor of 6 and f?
6
Let d(f) = f**3 - 5*f**2 - 2*f. Let y be d(6). What is the highest common factor of 168 and y?
24
Let z be 0 - (-1 + 0) - -4. Let b be z/((-5)/(-16)) - 2. Let j = b + -10. What is the greatest common divisor of 28 and j?
4
Suppose -q - 17 = 2*w, -3*q - q + 2*w = 58. Let v be 10*(39/q - -3). Let d be 114/42 - v/(-14). What is the highest common factor of d and 6?
3
Let c = 1 - 1. Suppose c = -4*v + 2*x + 48, -3*x - 24 = -2*v - x. Let g be (-7)/1*((-95)/7 - -5). Calculate the greatest common factor of g and v.
12
Let x be (-8 - -11)*(-2)/(-6). Let p be ((-8)/(-14))/(x/7). Calculate the greatest common divisor of 32 and p.
4
Let x be (40 - -2)/(36/54). Suppose 8 = 3*s - 4. Suppose 2*r - s*o = 2, 11 = 3*r - r - o. What is the highest common divisor of x and r?
7
Let s(d) = 2*d**2 + 7*d - 1. Let j be s(-5). What is the greatest common factor of 70 and j?
14
Let n(i) = i**3 + 10*i**2 + 4. Let p be n(-10). Let o(m) = 4*m - 6. Let r be o(p). Calculate the greatest common divisor of 80 and r.
10
Let z(l) = 10*l. Let m be z(-1). Let j(i) = i + 13. Let c be j(m). Calculate the highest common factor of c and 3.
3
Suppose 0 = 4*f - 2*u - 28, -u = 4*f - 4 - 30. Let b = f - 3. Let t(a) = 2*a**2 - 3*a + 3. Let j be t(2). Calculate the highest common factor of j and b.
5
Suppose 2*b + 2*b - 24 = 0. Let r be 33*(-3)/(18/4). Let v = 46 + r. What is the greatest common factor of b and v?
6
Let m(r) = -5*r - 4. Let p(h) = h + 2. Let n be p(-6). Let b be m(n). What is the greatest common divisor of b and 32?
16
Suppose g = 6*g - 25. Calculate the highest common factor of g and 55.
5
Suppose -63 = -2*l + v, -6*l + 2*l - 3*v + 141 = 0. Let z be l*3 - 0/(-2). What is the greatest common factor of z and 11?
11
Suppose -5*i + 4*q = 39, 3*q